8 is divided by 236?
26
Calculate the remainder when 1919 is divided by 96.
95
Calculate the remainder when 221 is divided by 203.
18
Calculate the remainder when 627 is divided by 350.
277
What is the remainder when 380 is divided by 206?
174
Calculate the remainder when 5391 is divided by 150.
141
Calculate the remainder when 507 is divided by 78.
39
Calculate the remainder when 78 is divided by 48.
30
What is the remainder when 340 is divided by 13?
2
Calculate the remainder when 5009 is divided by 10.
9
What is the remainder when 140 is divided by 61?
18
What is the remainder when 3438 is divided by 115?
103
What is the remainder when 2814 is divided by 35?
14
Calculate the remainder when 165 is divided by 66.
33
Calculate the remainder when 288 is divided by 50.
38
Calculate the remainder when 33 is divided by 5.
3
Calculate the remainder when 383 is divided by 11.
9
Calculate the remainder when 598 is divided by 24.
22
Calculate the remainder when 29 is divided by 27.
2
Calculate the remainder when 761 is divided by 9.
5
Calculate the remainder when 288 is divided by 35.
8
Calculate the remainder when 43 is divided by 39.
4
Calculate the remainder when 26 is divided by 13.
0
Calculate the remainder when 1905 is divided by 39.
33
What is the remainder when 112 is divided by 30?
22
What is the remainder when 125 is divided by 50?
25
Calculate the remainder when 4224 is divided by 37.
6
What is the remainder when 321 is divided by 303?
18
What is the remainder when 382 is divided by 84?
46
Calculate the remainder when 1377 is divided by 343.
5
Calculate the remainder when 1472 is divided by 18.
14
What is the remainder when 20959 is divided by 94?
91
Calculate the remainder when 852 is divided by 199.
56
Calculate the remainder when 714 is divided by 37.
11
Calculate the remainder when 255 is divided by 120.
15
What is the remainder when 746 is divided by 120?
26
Calculate the remainder when 851 is divided by 78.
71
Calculate the remainder when 1813 is divided by 12.
1
What is the remainder when 423 is divided by 411?
12
What is the remainder when 297 is divided by 13?
11
What is the remainder when 9640 is divided by 72?
64
Calculate the remainder when 110 is divided by 23.
18
What is the remainder when 293 is divided by 21?
20
What is the remainder when 34 is divided by 27?
7
What is the remainder when 334 is divided by 6?
4
What is the remainder when 3567 is divided by 1779?
9
What is the remainder when 247 is divided by 3?
1
What is the remainder when 20414 is divided by 29?
27
Calculate the remainder when 2126 is divided by 445.
346
Calculate the remainder when 1978 is divided by 12.
10
What is the remainder when 7469 is divided by 8?
5
What is the remainder when 469 is divided by 59?
56
Calculate the remainder when 611 is divided by 81.
44
What is the remainder when 474 is divided by 28?
26
What is the remainder when 64 is divided by 18?
10
What is the remainder when 108 is divided by 14?
10
Calculate the remainder when 222 is divided by 32.
30
Calculate the remainder when 519 is divided by 24.
15
What is the remainder when 169 is divided by 86?
83
What is the remainder when 590 is divided by 293?
4
What is the remainder when 602 is divided by 122?
114
What is the remainder when 53 is divided by 39?
14
Calculate the remainder when 2942 is divided by 325.
17
Calculate the remainder when 6 is divided by 2.
0
What is the remainder when 441 is divided by 59?
28
Calculate the remainder when 741 is divided by 31.
28
Calculate the remainder when 130 is divided by 3.
1
Calculate the remainder when 277 is divided by 35.
32
Calculate the remainder when 59 is divided by 14.
3
Calculate the remainder when 20447 is divided by 143.
141
Calculate the remainder when 3021 is divided by 14.
11
Calculate the remainder when 166 is divided by 34.
30
Calculate the remainder when 19426 is divided by 6.
4
Calculate the remainder when 5767 is divided by 13.
8
Calculate the remainder when 198 is divided by 97.
4
What is the remainder when 273 is divided by 74?
51
What is the remainder when 55 is divided by 18?
1
What is the remainder when 299 is divided by 32?
11
What is the remainder when 351 is divided by 72?
63
Calculate the remainder when 964 is divided by 312.
28
Calculate the remainder when 481 is divided by 39.
13
What is the remainder when 66 is divided by 17?
15
What is the remainder when 547 is divided by 236?
75
What is the remainder when 5561 is divided by 107?
104
Calculate the remainder when 533 is divided by 174.
11
Calculate the remainder when 94 is divided by 13.
3
Calculate the remainder when 1228 is divided by 26.
6
What is the remainder when 2370 is divided by 95?
90
What is the remainder when 396 is divided by 57?
54
Calculate the remainder when 1185 is divided by 12.
9
Calculate the remainder when 48 is divided by 23.
2
What is the remainder when 50 is divided by 26?
24
Calculate the remainder when 11169 is divided by 12.
9
What is the remainder when 5076 is divided by 127?
123
What is the remainder when 1475 is divided by 454?
113
What is the remainder when 289 is divided by 38?
23
Calculate the remainder when 167 is divided by 68.
31
Calculate the remainder when 919 is divided by 14.
9
Calculate the remainder when 1002 is divided by 20.
2
Calculate the remainder when 157 is divided by 9.
4
Calculate the remainder when 92 is divided by 26.
14
Calculate the remainder when 2563 is divided by 17.
13
Calculate the remainder when 235 is divided by 41.
30
What is the remainder when 98 is divided by 47?
4
Calculate the remainder when 196 is divided by 18.
16
What is the remainder when 2344 is divided by 179?
17
What is the remainder when 989 is divided by 30?
29
Calculate the remainder when 4255 is divided by 36.
7
Calculate the remainder when 147 is divided by 30.
27
Calculate the remainder when 280 is divided by 226.
54
What is the remainder when 876 is divided by 45?
21
Calculate the remainder when 9563 is divided by 66.
59
What is the remainder when 828 is divided by 10?
8
Calculate the remainder when 91 is divided by 82.
9
What is the remainder when 106 is divided by 2?
0
What is the remainder when 315 is divided by 271?
44
Calculate the remainder when 122 is divided by 18.
14
Calculate the remainder when 2986 is divided by 25.
11
Calculate the remainder when 1187 is divided by 149.
144
What is the remainder when 3192 is divided by 31?
30
Calculate the remainder when 4253 is divided by 185.
183
Calculate the remainder when 34 is divided by 6.
4
Calculate the remainder when 280 is divided by 105.
70
Calculate the remainder when 1085 is divided by 540.
5
Calculate the remainder when 728 is divided by 153.
116
Calculate the remainder when 61 is divided by 22.
17
What is the remainder when 301 is divided by 62?
53
Calculate the remainder when 1679 is divided by 30.
29
What is the remainder when 144 is divided by 128?
16
What is the remainder when 98 is divided by 26?
20
Calculate the remainder when 4831 is divided by 179.
177
What is the remainder when 3999 is divided by 58?
55
What is the remainder when 235 is divided by 12?
7
Calculate the remainder when 36 is divided by 10.
6
What is the remainder when 243 is divided by 74?
21
Calculate the remainder when 3330 is divided by 1108.
6
Calculate the remainder when 1135 is divided by 376.
7
What is the remainder when 2742 is divided by 56?
54
What is the remainder when 66 is divided by 40?
26
What is the remainder when 16496 is divided by 60?
56
What is the remainder when 223 is divided by 16?
15
Calculate the remainder when 131 is divided by 48.
35
Calculate the remainder when 1032 is divided by 148.
144
What is the remainder when 1400 is divided by 47?
37
Calculate the remainder when 490 is divided by 29.
26
Calculate the remainder when 711 is divided by 119.
116
What is the remainder when 8 is divided by 1?
0
Calculate the remainder when 643 is divided by 46.
45
Calculate the remainder when 529 is divided by 14.
11
Calculate the remainder when 93 is divided by 40.
13
What is the remainder when 392 is divided by 66?
62
What is the remainder when 201 is divided by 55?
36
Calculate the remainder when 440 is divided by 49.
48
What is the remainder when 337 is divided by 23?
15
Calculate the r